te the greatest common divisor of 910403 and 169.
169
What is the greatest common factor of 5304 and 153?
51
What is the highest common divisor of 1120791 and 342?
57
What is the highest common factor of 3493 and 3992?
499
What is the highest common divisor of 6300 and 6174?
126
Calculate the highest common factor of 257049 and 135369.
1521
What is the highest common factor of 687 and 1450257?
687
Calculate the highest common divisor of 1833 and 728547.
141
Calculate the greatest common factor of 242 and 259094.
22
Calculate the greatest common divisor of 864 and 30072.
24
What is the highest common factor of 5712 and 70?
14
Calculate the highest common divisor of 13079 and 6314.
451
What is the greatest common factor of 6307 and 272?
17
What is the highest common factor of 1935233 and 2459?
2459
What is the highest common divisor of 1501 and 15800?
79
Calculate the highest common factor of 34332 and 132.
12
What is the highest common factor of 2214 and 12042?
54
What is the greatest common divisor of 2853450 and 300?
150
Calculate the greatest common divisor of 195 and 26650.
65
Calculate the highest common factor of 1252908 and 1944.
972
What is the greatest common factor of 160 and 3400?
40
Calculate the greatest common factor of 318920 and 21.
7
What is the greatest common divisor of 926296 and 3753?
139
What is the greatest common divisor of 92500 and 555?
185
What is the greatest common divisor of 1038690 and 1890?
270
Calculate the greatest common factor of 621 and 4104.
27
What is the greatest common factor of 9880 and 20120?
40
Calculate the highest common divisor of 16402 and 52097.
59
Calculate the greatest common factor of 51324 and 312.
156
What is the highest common divisor of 53809 and 469?
7
What is the greatest common factor of 67 and 107267?
67
Calculate the greatest common divisor of 2783716 and 67.
67
Calculate the greatest common factor of 935 and 11900.
85
What is the greatest common factor of 2727 and 45147?
303
Calculate the greatest common divisor of 3331593 and 76.
19
What is the greatest common divisor of 11872 and 224?
224
What is the highest common factor of 204742 and 2171?
167
What is the greatest common divisor of 10 and 29830?
10
What is the greatest common divisor of 545755 and 465?
155
What is the greatest common factor of 7171 and 303?
101
Calculate the greatest common divisor of 2296797 and 618.
309
What is the highest common factor of 15429 and 111?
111
What is the highest common factor of 2128914 and 18?
18
What is the greatest common divisor of 1331 and 15411?
11
What is the greatest common factor of 1158 and 461463?
579
What is the greatest common divisor of 153050 and 100?
50
Calculate the highest common divisor of 620 and 855.
5
Calculate the highest common divisor of 7117436 and 164.
164
What is the highest common divisor of 10 and 1374470?
10
Calculate the greatest common divisor of 36918 and 6.
6
Calculate the highest common factor of 12 and 8120.
4
Calculate the highest common factor of 2860 and 9240.
220
Calculate the highest common factor of 32955 and 1495.
65
What is the greatest common factor of 12337 and 16936?
73
Calculate the highest common factor of 510367 and 8632.
1079
Calculate the highest common factor of 1125 and 4925.
25
What is the greatest common divisor of 7952 and 56?
56
Calculate the greatest common factor of 868908 and 888.
444
What is the highest common divisor of 533936 and 6188?
884
Calculate the greatest common factor of 16426 and 3440.
86
What is the highest common factor of 2637 and 40141?
293
What is the highest common divisor of 894 and 2634?
6
Calculate the greatest common divisor of 261896 and 16.
8
Calculate the highest common factor of 784 and 13426.
98
What is the greatest common factor of 482076 and 252?
252
Calculate the greatest common divisor of 92698 and 2.
2
What is the highest common divisor of 27 and 19017?
9
Calculate the greatest common factor of 63 and 2780127.
63
Calculate the greatest common factor of 3317 and 26857.
107
Calculate the highest common factor of 109272 and 36.
12
Calculate the highest common divisor of 10 and 2232770.
10
What is the highest common factor of 247 and 10725?
13
Calculate the greatest common factor of 14820 and 22116.
228
Calculate the greatest common factor of 268 and 481194.
134
What is the highest common divisor of 189 and 3105?
27
What is the greatest common divisor of 1926 and 160821?
963
What is the highest common divisor of 24 and 119760?
24
What is the greatest common factor of 6503 and 182?
7
Calculate the highest common divisor of 16 and 270944.
16
Calculate the greatest common factor of 65 and 692744.
13
What is the greatest common factor of 904002 and 66?
66
Calculate the highest common factor of 6660 and 7215.
555
What is the greatest common divisor of 173895 and 105?
15
What is the greatest common factor of 76648 and 61204?
572
What is the highest common factor of 1765 and 573978?
353
What is the greatest common divisor of 2110720 and 255?
85
Calculate the highest common factor of 1222109 and 1029.
343
What is the highest common factor of 47 and 710922?
47
What is the highest common divisor of 197847 and 247?
247
Calculate the greatest common divisor of 696417 and 3.
3
Calculate the greatest common factor of 1023 and 7568.
11
What is the greatest common divisor of 564 and 247314?
282
Calculate the highest common divisor of 117 and 156559.
13
What is the highest common factor of 42240 and 14496?
96
Calculate the greatest common factor of 56274 and 5650.
226
Calculate the greatest common factor of 244 and 206729.
61
What is the greatest common factor of 19880 and 4480?
280
What is the greatest common factor of 3240 and 18198?
54
Calculate the highest common factor of 3395 and 595.
35
Calculate the highest common divisor of 36 and 424492.
4
What is the highest common factor of 25 and 65925?
25
Calculate the highest common divisor of 20493 and 15147.
891
Calculate the highest common factor of 9 and 3094.
1
Calculate the highest common factor of 14030 and 92.
46
What is the greatest common divisor of 444535 and 1820?
455
Calculate the highest common factor of 95390 and 80.
10
What is the highest common factor of 155968 and 512?
64
Calculate the greatest common factor of 54 and 138753.
27
What is the highest common factor of 3310 and 84074?
662
What is the greatest common factor of 235917 and 81?
9
Calculate the highest common divisor of 5614 and 896.
14
Calculate the highest common factor of 2944 and 261648.
368
What is the highest common factor of 11374 and 1598?
94
What is the highest common factor of 4838528 and 1236?
412
What is the greatest common factor of 155 and 945?
5
Calculate the greatest common factor of 1441 and 201478.
131
Calculate the greatest common divisor of 32984 and 112499.
589
What is the greatest common divisor of 2100 and 50700?
300
What is the highest common factor of 139580 and 140?
140
What is the greatest common factor of 444996 and 188?
188
Calculate the highest common divisor of 29 and 1075697.
29
Calculate the greatest common divisor of 5841 and 1232.
11
What is the highest common divisor of 1694 and 16030?
14
Calculate the highest common divisor of 870 and 3430410.
870
Calculate the highest common divisor of 105 and 2569.
7
What is the highest common factor of 14 and 3165386?
14
What is the greatest common factor of 2 and 862?
2
Calculate the highest common factor of 423460 and 372.
124
Calculate the highest common factor of 14 and 176533.
7
What is the greatest common factor of 507 and 1797?
3
Calculate the highest common factor of 5 and 23473.
1
Calculate the highest common factor of 522 and 1479.
87
Calculate the greatest common divisor of 776951 and 7.
7
What is the greatest common divisor of 3430 and 5243?
49
Calculate the highest common factor of 24 and 1149.
3
Calculate the highest common divisor of 1103 and 508.
1
What is the greatest common factor of 214610 and 220?
110
Calculate the highest common factor of 492 and 219.
3
What is the highest common factor of 76 and 15484?
4
What is the highest common factor of 385 and 26235?
55
Calculate the highest common divisor of 132324 and 87.
3
What is the greatest common divisor of 3841 and 44942?
23
What is the highest common fac